**3 - 95*q**2 + 49*q - 223. Calculate u(47).
-129
Let j(b) = 19*b**2 + 834*b + 2337. What is j(-3)?
6
Let y(r) = -6*r**3 + 2*r**2 + 10*r + 59. Determine y(-5).
809
Let o(d) = 2*d**3 - 31*d**2 + 480*d - 4748. Give o(12).
4
Let p(t) = -t**3 - 91*t**2 - 124*t - 11127. Calculate p(-91).
157
Let t(x) = -x**3 - 19*x**2 + 1117*x - 31121. Give t(-52).
27
Let p(v) = -1948*v**2 + 3810*v - 3. Calculate p(2).
-175
Let f(z) = -12323*z + 135524. Determine f(11).
-29
Let c(z) = -23*z**2 - 3365*z + 2357. What is c(-147)?
5
Let f(q) = q**3 - 20*q**2 + 4181*q - 24577. Determine f(6).
5
Let y(u) = -117*u**2 - 90*u + 258. Give y(3).
-1065
Let d(l) = -2*l**3 + 61*l**2 - 490*l + 686. Give d(18).
-34
Let u(l) = -l**3 + 62*l**2 + 333*l + 121. What is u(67)?
-13
Let r(g) = -405*g + 4137. Calculate r(10).
87
Let z(a) = 115642*a - 462574. Calculate z(4).
-6
Let t(d) = -4*d**3 - 69*d**2 + 138*d + 11. Calculate t(2).
-21
Let c(p) = -1291*p**2 + 39*p + 39. Determine c(-1).
-1291
Let f(y) = -27*y**3 - 91*y**2 - 72*y - 1. Calculate f(-5).
1459
Let q(t) = -2471*t - 326127. Calculate q(-132).
45
Let w(x) = -99*x - 3211. Determine w(-46).
1343
Let r(d) = 577*d + 30484. What is r(-53)?
-97
Let i(v) = 77*v + 21207. Calculate i(-259).
1264
Let m(k) = 1291*k + 6753. Give m(-5).
298
Let g(m) = -132*m - 14072. Calculate g(-102).
-608
Let j(a) = -74743*a - 373638. What is j(-5)?
77
Let x(k) = -91584*k - 183183. Determine x(-2).
-15
Let x(q) = -2*q**2 + 120*q - 1674. What is x(13)?
-452
Let i(g) = 3*g**3 - 302*g**2 + 192*g + 1198. Calculate i(100).
398
Let w(q) = -14*q**2 - 500*q + 5785. What is w(12)?
-2231
Let x(r) = -49*r**2 + 153*r - 462. Determine x(3).
-444
Let c(g) = -9969*g + 3927788. Give c(394).
2
Let d(p) = 1138*p + 36304. Calculate d(-33).
-1250
Let t(s) = -9*s**3 - 704*s**2 - 146*s + 825. Determine t(-78).
45
Let m(t) = 178614*t - 2143355. What is m(12)?
13
Let c(s) = -2*s**3 + 244*s**2 + 1097*s - 104666. Give c(123).
7
Let z(x) = -x**3 - 260*x**2 - 3998*x + 2258. Determine z(-17).
-3
Let m(k) = -k**2 + 131*k + 17243. Calculate m(212).
71
Let y(x) = -x**3 + 98*x**2 - 863*x - 172. What is y(10)?
-2
Let a(v) = 750*v - 2988. Determine a(2).
-1488
Let m(b) = 10*b**2 + 16*b - 2262. Calculate m(-16).
42
Let o(d) = d**3 + 32*d**2 - 556*d - 17862. Give o(-32).
-70
Let h(z) = -3*z**2 + 66276*z + 132551. Determine h(-2).
-13
Let a(g) = 3877*g - 229282. Determine a(59).
-539
Let k(b) = b**3 + 4*b**2 + 1080*b - 5383. Determine k(5).
242
Let f(h) = 20*h**3 + 23165*h**2 + 5776*h - 16223. Determine f(-1158).
-11
Let l(h) = -9*h**2 - 42*h + 295. Determine l(7).
-440
Let i(z) = z**3 + 10549*z**2 - 476728*z - 93. Determine i(45).
-3
Let m(c) = -274*c + 4917. What is m(18)?
-15
Let z(h) = 2*h**2 + 195*h + 1920. Determine z(-12).
-132
Let r(g) = -2*g**3 - 13*g**2 - 17*g + 25. Calculate r(6).
-977
Let s(p) = -2425*p - 196448. Give s(-81).
-23
Let k(t) = t**3 - 1063*t**2 - 113816*t + 44112. Determine k(1161).
-6
Let r(h) = -16*h**2 + 863*h - 1984. Give r(50).
1166
Let x(j) = 124*j**2 - 1397*j + 3703. Give x(7).
0
Let s(k) = -31*k**2 - 3351*k - 791. Give s(-108).
-467
Let h(g) = 71522*g - 2002612. What is h(28)?
4
Let w(k) = -3568*k - 228354. What is w(-64)?
-2
Let u(j) = -j**2 + 59*j + 1039. Give u(67).
503
Let r(k) = 428*k + 27713. Give r(-64).
321
Let r(w) = w**2 - 84943*w - 254827. Give r(-3).
11
Let k(x) = 3763*x + 22450. Give k(-6).
-128
Let t(s) = 3*s**3 - 87*s**2 + 2291*s - 61805. Give t(28).
-9
Let z(w) = -17225*w - 120577. Calculate z(-7).
-2
Let r(t) = 80*t**2 + 637*t + 437. Determine r(-8).
461
Let p(q) = 13*q**3 - 6004*q**2 - 925*q + 1028. Determine p(462).
566
Let z(g) = -3*g**2 - 3288*g + 1. Calculate z(0).
1
Let l(x) = 6357*x + 50826. Calculate l(-8).
-30
Let v(m) = 559519*m + 24059313. What is v(-43)?
-4
Let v(q) = q**3 - 60*q**2 - 1846*q - 6643. Calculate v(-19).
-88
Let k(a) = 9854*a + 709423. What is k(-72)?
-65
Let x(m) = -47*m**2 + 302*m - 93. What is x(6)?
27
Let p(v) = v**3 + 198*v**2 + 9658*v + 85. Calculate p(-87).
-2
Let n(p) = p**3 - 28*p**2 + 78*p + 491. Determine n(19).
-1276
Let q(j) = 67609*j - 1284572. Determine q(19).
-1
Let i(o) = 5365*o + 10751. Calculate i(-2).
21
Let b(h) = -66*h**2 - 31059*h - 18331. Give b(-470).
-1
Let m(a) = -a**3 - 46*a**2 + 1706*a - 616. Determine m(24).
8
Let d(o) = 323*o + 104789. What is d(-324)?
137
Let y(p) = -124*p**2 + 703*p - 388. Determine y(5).
27
Let a(k) = k**3 - 4*k**2 - 43437*k + 563157. What is a(13)?
-3
Let w(o) = 298*o**2 + 1161*o - 109. Determine w(-4).
15
Let f(m) = -m**2 + 419*m - 2490. Calculate f(6).
-12
Let l(i) = -4*i**2 - 831*i + 6654. Calculate l(8).
-250
Let u(a) = a**2 - 95*a - 49962. Determine u(-181).
-6
Let b(h) = -509*h**2 - 2518*h + 47. What is b(-5)?
-88
Let g(i) = 641*i + 16792. What is g(-26)?
126
Let j(z) = 2*z**3 - 27*z**2 - 163*z + 1310. Calculate j(16).
-18
Let y(f) = -f**3 + 73*f**2 - 322*f + 242. Calculate y(4).
58
Let k(n) = -15943*n + 79659. What is k(5)?
-56
Let a(s) = -s**3 - 447*s**2 - 15*s - 6701. Calculate a(-447).
4
Let m(b) = 206*b**2 - 237*b - 476. Determine m(-2).
822
Let a(q) = -32*q**2 + 151*q + 726. Give a(-5).
-829
Let t(z) = 2272*z + 213651. Determine t(-94).
83
Let k(s) = -s**3 + 10*s**2 - 122*s - 31. Determine k(6).
-619
Let a(j) = -2*j**3 + 99*j**2 - 163*j + 16119. Calculate a(51).
3
Let z(s) = -368061*s + 2576424. Give z(7).
-3
Let q(m) = -8*m**3 + 1944*m**2 + m - 235. Calculate q(243).
8
Let o(d) = 6089*d + 5821069. Give o(-956).
-15
Let s(y) = -1406647*y**2 - 5626585*y + 6. Determine s(-4).
-6
Let b(g) = -g**3 - 75*g**2 - 147*g - 29718. Give b(-78).
0
Let y(d) = d**3 + 250*d**2 + 4604*d + 885. Calculate y(-230).
-35
Let c(z) = -1225*z - 369955. What is c(-302)?
-5
Let y(g) = 283*g + 14365. Determine y(-57).
-1766
Let z(g) = -620*g + 84323. Give z(136).
3
Let w(t) = 2*t**3 - 421*t**2 + 2257*t - 409. Give w(205).
1
Let s(b) = -73*b**2 + 2745*b + 1132. Determine s(38).
30
Let z(b) = b**3 - 9*b**2 - 124*b + 403. Calculate z(16).
211
Let v(n) = 13*n**2 - 118*n - 93. Calculate v(0).
-93
Let o(d) = 2*d**3 - 24*d**2 - 22*d + 76. What is o(14)?
552
Let n(p) = 85*p - 7156. Give n(86).
154
Let l(u) = u**3 + 12*u**2 + 122*u + 711. Calculate l(-7).
102
Let g(x) = -778*x - 14338. What is g(-19)?
444
Let i(r) = 10*r**2 + 460*r + 402. Determine i(-48).
1362
Let n(u) = -42*u**2 - 11800*u + 12412. Determine n(-282).
4
Let u(c) = -218*c**2 + 779*c - 1558. Give u(2).
-872
Let c(z) = -6*z**3 + z**2 - 135*z + 315. Determine c(0).
315
Let g(t) = t**2 - 481*t + 41309. Give g(112).
-19
Let b(u) = -6*u**3 - 5007*u**2 - 2582*u - 66716. Determine b(-834).
4
Let t(r) = -1414*r - 275803. What is t(-195)?
-73
Let s(c) = -1394725*c - 12552535. Calculate s(-9).
-10
Let c(s) = -3323*s - 295643. Determine c(-89).
104
Let q(p) = p**2 - 10900*p - 250910. What is q(-23)?
319
Let y(c) = 4*c**3 + 73*c**2 + 8*c - 272. Determine y(-18).
-92
Let i(b) = 737*b + 12129. Determine i(-16).
337
Let d(k) = -7*k**3 + 496*k**2 - 427*k + 107. Calculate d(70).
-383
Let l(s) = 102*s**2 - 3550*s + 217. Determine l(35).
917
Let d(b) = 834*b + 147443. What is d(-177)?
-175
Let w(h) = h**2 - 368*h - 1027035. What is w(-846)?
9
Let r(g) = -3*g**3 - 120*g**2 - 233*g + 3705. Give r(-37).
5
Let n(d) = 72*d**2 - 13617*d + 1723. What is n(189)?
22
Let h(f) = -f**3 - 303*f**2 + 207926*f - 1272. Give h(-632).
-8
Let n(d) = -2090*d + 68968. What is n(33)?
-2
Let u(l) = 1113804*l - 3341431. What is u(3)?
-19
Let m(b) = 288*b - 1973. What is m(3)?
-1109
Let q(v) = 70*v + 23234. Determine q(-223).
7624
Let x(q) = -3628*q - 54445. Determine x(-15).
-25
Let j(l) = -7*l**2 - 615*l - 580. Calculate j(-87).
-58
Let x(j) = -35217*j + 281567. What is x(8)?
-169
Let y(x) = x**3 - 394*x**2 + 1037*x + 53179. Calculate y(391).
3
Let z(h) = -30*h**2 - 7195*h - 359138. What is z(-169)?
-13
Let f(s) = 1119*s + 369277. Give f(-330).
7
Let z(j) = -912*j - 452134. Give z(-496).
218
Let m(o) = -3*o**2 + 51*o + 6586. Determine m(-43).
-1154
Let f(j) = 718*j - 206159. Calculate f(286).
-811
Let b(r) = -4226*r + 55009. Give b(13).
71
Let j(m) = -m**3 - 39*m**2 - 143*m + 502. Determine j(-28).
-4118
Let m(g) = g**2 - 182*g - 3201. Determine m(-15).
-246
Let s(r) = -72508*r + 7105785. Give s(98).
1
Let c(t) = 61160*t + 244649. Give c(-4).
9
Let g(z) = 3*z**2 -